divided by 182.
126
What is the remainder when 11158831 is divided by 1518?
13
Calculate the remainder when 12323144 is divided by 2190.
14
What is the remainder when 368611 is divided by 25?
11
Calculate the remainder when 147340 is divided by 3135.
3130
What is the remainder when 536032 is divided by 178647?
91
What is the remainder when 292380701 is divided by 56?
53
Calculate the remainder when 4088774 is divided by 28.
18
Calculate the remainder when 41276188 is divided by 1382.
1376
Calculate the remainder when 1229717 is divided by 175.
167
What is the remainder when 610610 is divided by 305220?
170
Calculate the remainder when 147352 is divided by 2237.
1947
What is the remainder when 6588536 is divided by 4015?
3936
What is the remainder when 1655447977 is divided by 1642?
1639
What is the remainder when 46946426 is divided by 712?
706
Calculate the remainder when 888792 is divided by 10216.
0
Calculate the remainder when 22220134 is divided by 1587150.
34
Calculate the remainder when 3634999 is divided by 435.
139
What is the remainder when 1316215 is divided by 215?
200
What is the remainder when 590775 is divided by 271?
266
What is the remainder when 44443831 is divided by 4380?
4351
Calculate the remainder when 1992980 is divided by 1992919.
61
What is the remainder when 226617 is divided by 1074?
3
What is the remainder when 8418315 is divided by 16?
11
What is the remainder when 697641 is divided by 2240?
1001
Calculate the remainder when 378022 is divided by 82.
2
What is the remainder when 13095977 is divided by 970?
7
What is the remainder when 10978489 is divided by 846?
793
Calculate the remainder when 826426 is divided by 63561.
133
What is the remainder when 306055 is divided by 793?
750
Calculate the remainder when 329477 is divided by 1621.
414
What is the remainder when 3929606 is divided by 6683?
2
Calculate the remainder when 34920 is divided by 16685.
1550
What is the remainder when 7464382 is divided by 430?
12
Calculate the remainder when 107503633 is divided by 2527.
2526
What is the remainder when 4691472 is divided by 341?
335
Calculate the remainder when 4627709 is divided by 884.
853
Calculate the remainder when 39979 is divided by 4502.
3963
Calculate the remainder when 46800261 is divided by 42.
39
What is the remainder when 21983988 is divided by 999?
993
Calculate the remainder when 22756 is divided by 11359.
38
What is the remainder when 56482560 is divided by 62?
2
Calculate the remainder when 1763605 is divided by 879.
331
What is the remainder when 81638 is divided by 161?
11
What is the remainder when 395373 is divided by 65749?
879
Calculate the remainder when 6728568 is divided by 2242846.
30
Calculate the remainder when 688663 is divided by 227971.
4750
What is the remainder when 600877 is divided by 112?
109
Calculate the remainder when 80385275 is divided by 206.
161
What is the remainder when 2548108 is divided by 33?
13
What is the remainder when 26610262 is divided by 6652562?
14
What is the remainder when 3498089 is divided by 315?
14
Calculate the remainder when 1005674 is divided by 335198.
80
What is the remainder when 75310 is divided by 80?
30
What is the remainder when 5702741 is divided by 814675?
16
Calculate the remainder when 2707683 is divided by 425.
8
What is the remainder when 10166 is divided by 10107?
59
What is the remainder when 532544273 is divided by 2318?
2317
Calculate the remainder when 6485 is divided by 4239.
2246
What is the remainder when 609225 is divided by 17?
13
Calculate the remainder when 105234 is divided by 378.
150
Calculate the remainder when 1633881 is divided by 1178.
1173
Calculate the remainder when 1971744 is divided by 1005.
939
What is the remainder when 19445505 is divided by 3889094?
35
What is the remainder when 43475309 is divided by 1244?
1241
Calculate the remainder when 535095 is divided by 203.
190
Calculate the remainder when 5177109 is divided by 1725675.
84
What is the remainder when 130581 is divided by 130394?
187
Calculate the remainder when 2612435 is divided by 116.
115
What is the remainder when 10602147 is divided by 1514588?
31
What is the remainder when 4773024 is divided by 1758?
54
What is the remainder when 21280893 is divided by 29?
26
What is the remainder when 31688278 is divided by 11?
6
Calculate the remainder when 68435 is divided by 66466.
1969
What is the remainder when 224602186 is divided by 2291859?
4
What is the remainder when 2284322 is divided by 1093?
1045
Calculate the remainder when 6804437 is divided by 47253.
5
Calculate the remainder when 2327981 is divided by 8344.
5
What is the remainder when 114860 is divided by 1573?
31
What is the remainder when 3616 is divided by 335?
266
Calculate the remainder when 12188918 is divided by 14615.
8
Calculate the remainder when 130178 is divided by 2034.
2
What is the remainder when 25630 is divided by 2115?
250
What is the remainder when 34350 is divided by 2298?
2178
Calculate the remainder when 1309085 is divided by 9284.
41
What is the remainder when 3078412 is divided by 769600?
12
What is the remainder when 19826376 is divided by 2353?
2351
Calculate the remainder when 52247454 is divided by 79.
14
What is the remainder when 420521802 is divided by 1181241?
6
What is the remainder when 4598 is divided by 3513?
1085
Calculate the remainder when 3828787 is divided by 4416.
115
What is the remainder when 9368712 is divided by 4129?
11
What is the remainder when 3149416 is divided by 3149396?
20
What is the remainder when 186141 is divided by 227?
1
What is the remainder when 3309762 is divided by 413709?
90
What is the remainder when 551815 is divided by 134?
3
Calculate the remainder when 264534 is divided by 776.
694
What is the remainder when 375637 is divided by 93908?
5
What is the remainder when 327524 is divided by 597?
368
What is the remainder when 3391877 is divided by 349?
295
Calculate the remainder when 108627490 is divided by 348165.
10
Calculate the remainder when 92176933 is divided by 435.
433
What is the remainder when 374495 is divided by 2353?
368
What is the remainder when 10879710 is divided by 847?
842
Calculate the remainder when 4329452 is divided by 12.
8
Calculate the remainder when 8241693 is divided by 53172.
33
What is the remainder when 159666 is divided by 9076?
5374
Calculate the remainder when 16616593 is divided by 1300.
1293
What is the remainder when 97043 is divided by 24241?
79
Calculate the remainder when 19492 is divided by 522.
178
What is the remainder when 18267522 is divided by 837?
834
Calculate the remainder when 1718708 is divided by 411.
317
What is the remainder when 1625776 is divided by 6612?
5836
What is the remainder when 26029636 is divided by 194251?
2
Calculate the remainder when 20305010 is divided by 1332.
2
What is the remainder when 45475 is divided by 564?
355
What is the remainder when 1200702 is divided by 150085?
22
What is the remainder when 972375 is divided by 121538?
71
What is the remainder when 603661 is divided by 3387?
775
Calculate the remainder when 2106519 is divided by 322.
317
Calculate the remainder when 383288 is divided by 653.
630
What is the remainder when 8147 is divided by 6496?
1651
What is the remainder when 2590220 is divided by 1435?
45
Calculate the remainder when 65090 is divided by 1457.
982
Calculate the remainder when 131016 is divided by 21819.
102
Calculate the remainder when 2542111 is divided by 43.
37
What is the remainder when 2277953 is divided by 18?
17
Calculate the remainder when 227194 is divided by 45238.
1004
What is the remainder when 28241278 is divided by 640?
638
What is the remainder when 5067970 is divided by 42?
40
Calculate the remainder when 859498 is divided by 18286.
56
Calculate the remainder when 4401969 is divided by 6483.
12
What is the remainder when 1448048 is divided by 90?
38
What is the remainder when 1249169 is divided by 953?
739
What is the remainder when 3750458 is divided by 1250145?
23
What is the remainder when 283782 is divided by 469?
37
What is the remainder when 156606 is divided by 4121?
8
What is the remainder when 5108233 is divided by 35?
18
What is the remainder when 7692029 is divided by 769199?
39
Calculate the remai